site number?
True
Is 8947 a prime number?
False
Is 1222711 composite?
True
Is 20819 prime?
False
Is 381509 prime?
True
Is 918703 a composite number?
True
Is 1660921 a composite number?
False
Is 302249 composite?
True
Is 494609 a prime number?
True
Is 78467 a composite number?
False
Is 368167 a composite number?
True
Is 356387 a prime number?
True
Is 29789 composite?
False
Is 584733 a prime number?
False
Is 55021 prime?
True
Is 186551 a prime number?
True
Is 38113 composite?
False
Is 220757 composite?
False
Is 1399 a composite number?
False
Is 71607 prime?
False
Is 991007 composite?
True
Is 191531 a composite number?
False
Is 81979 a composite number?
True
Is 22381 a prime number?
True
Is 247 prime?
False
Is 10495 a prime number?
False
Is 85585 a prime number?
False
Is 1151 composite?
False
Is 66839 a prime number?
False
Is 4721 a prime number?
True
Is 347962 a prime number?
False
Is 8661 composite?
True
Is 9637 a prime number?
False
Is 30211 a prime number?
True
Is 316993 prime?
False
Is 34514 prime?
False
Is 17603 a prime number?
False
Is 157391 prime?
False
Is 4859 prime?
False
Is 987559 a composite number?
False
Is 493 prime?
False
Is 844283 composite?
True
Is 43867 composite?
False
Is 3147 a composite number?
True
Is 2707 a prime number?
True
Is 3000749 a prime number?
False
Is 13891 prime?
False
Is 59606 prime?
False
Is 21059 a prime number?
True
Is 762989 a prime number?
True
Is 151127 composite?
True
Is 160078 a composite number?
True
Is 1008659 prime?
True
Is 403387 composite?
False
Is 3831 a prime number?
False
Is 18661 a prime number?
True
Is 161 a prime number?
False
Is 256127 prime?
False
Is 250489 prime?
True
Is 210391 a prime number?
True
Is 287 a prime number?
False
Is 323 prime?
False
Is 424243 prime?
True
Is 49661 composite?
True
Is 1423547 composite?
False
Is 4609 a prime number?
False
Is 100679 prime?
False
Is 322607 composite?
False
Is 29851 a composite number?
False
Is 9743 composite?
False
Is 706 a prime number?
False
Is 4981 a prime number?
False
Is 349211 a prime number?
True
Is 1409 a composite number?
False
Is 1390967 prime?
True
Is 72421 prime?
True
Is 16487 composite?
False
Is 452671 prime?
True
Is 37757 a prime number?
False
Is 201 composite?
True
Is 51031 prime?
True
Is 11714 a composite number?
True
Is 9609 composite?
True
Is 205 a prime number?
False
Is 75133 composite?
False
Is 500519 prime?
True
Is 50849 a prime number?
True
Is 5623 a composite number?
False
Is 19289 prime?
True
Is 2361899 a prime number?
True
Is 1059209 composite?
False
Is 1226417 prime?
True
Is 6113 a prime number?
True
Is 287791 composite?
True
Is 4721 a composite number?
False
Is 7997 composite?
True
Is 80599 prime?
True
Is 2735519 a prime number?
True
Is 5279 prime?
True
Is 72613 a prime number?
True
Is 6247 composite?
False
Is 174989 composite?
False
Is 469 a composite number?
True
Is 18181 a composite number?
False
Is 10673 prime?
False
Is 90479 a prime number?
False
Is 23099 prime?
True
Is 109789 a composite number?
False
Is 3907 a composite number?
False
Is 10459327 a prime number?
True
Is 7963 prime?
True
Is 49319 a prime number?
False
Is 155693 prime?
True
Is 4699 a composite number?
True
Is 1117 composite?
False
Is 13739 composite?
True
Is 14501 prime?
False
Is 596009 a composite number?
False
Is 336307 a composite number?
False
Is 233743 a composite number?
False
Is 2654 a composite number?
True
Is 8497 a composite number?
True
Is 55457 a composite number?
False
Is 1993991 a prime number?
True
Is 696239 a prime number?
True
Is 43499 prime?
True
Is 54449 composite?
False
Is 2146427 composite?
True
Is 1901 a prime number?
True
Is 39647 a prime number?
False
Is 1194631 a composite number?
False
Is 879 composite?
True
Is 54083 composite?
False
Is 3595 a prime number?
False
Is 33563 composite?
False
Is 351919 prime?
True
Is 15338 a composite number?
True
Is 35291 composite?
False
Is 742193 a prime number?
True
Is 1139 prime?
False
Is 67021 composite?
False
Is 77003 prime?
True
Is 93701 a composite number?
False
Is 136393 a composite number?
False
Is 29009 prime?
True
Is 68422 prime?
False
Is 1774273 a prime number?
False
Is 257369 a composite number?
True
Is 19121 a prime number?
True
Is 41443 a prime number?
True
Is 83299 composite?
False
Is 2531 prime?
True
Is 304961 composite?
False
Is 160315 prime?
False
Is 271967 composite?
False
Is 136231 a prime number?
False
Is 6131 composite?
False
Is 555461 prime?
True
Is 1501471 a prime number?
True
Is 295991 a prime number?
False
Is 474139 a composite number?
True
Is 33679 a composite number?
False
Is 923263 a composite number?
True
Is 5431 a composite number?
False
Is 128099 composite?
False
Is 249419 a prime number?
True
Is 3193 prime?
False
Is 512303 a composite number?
True
Is 25409 a composite number?
False
Is 2333 a composite number?
False
Is 3251 a prime number?
True
Is 164127 prime?
False
Is 1129915 composite?
True
Is 737309 a composite number?
False
Is 4847 a composite number?
True
Is 1509621 prime?
False
Is 12077 composite?
True
Is 15746 composite?
True
Is 2579 composite?
False
Is 58297 a composite number?
True
Is 22993 composite?
False
Is 574789 a prime number?
True
Is 11777 a prime number?
True
Is 25733 a prime number?
True
Is 9551 prime?
True
Is 17147 a composite number?
True
Is 3787 composite?
True
Is 6031 a prime number?
False
Is 53 a composite number?
False
Is 31643 a prime number?
True
Is 19037 composite?
False
Is 109097 composite?
False
Is 1824827 composite?
False
Is 8641 a composite number?
False
Is 1803745 a composite number?
True
Is 331651 a composite number?
False
Is 211403 composite?
False
Is 7151 prime?
True
Is 16237 composite?
True
Is 251231 composite?
False
Is 6073 a prime number?
True
Is 120567 prime?
False
Is 14845 a composite number?
True
Is 54077 composite?
True
Is 4721 a prime number?
True
Is 553 composite?
True
Is 16163 composite?
True
Is 61513 prime?
False
Is 80221 composite?
False
Is 145645 composite?
True
Is 275071 a composite number?
True
Is 445358 a composite number?
True
Is 6 a prime number?
False
Is 17843 prime?
False
Is 101513 a composite number?
False
Is 823393 prime?
False
Is 3989 a prime number?
True
Is 79757 prime?
True
Is 1393 a prime number?
False
Is 2881 a prime number?
False
Is 821 prime?
True
Is 38639 a prime number?
True
Is 490829 a composite number?
False
Is 1201163 a prime number?
True
Is 3017 a prime number?
False
Is 75281 prime?
False
Is 8083 a composite number?
True
Is 12347 prime?
True
Is 6065 a prime number?
False
Is 8141 composite?
True
Is 4629 a composite number?
True
Is 82309 prime?
False
Is 105943 prime?
True
Is 202669 a prime number?
False
Is 52907 prime?
False
Is 28387 composite?
False
Is 26099 prime?
True
Is 191153 prime?
False
Is 6389 a prime number?
True
Is 369933 a prime number?
False
Is 15013 composite?
False
Is 3626803 a prime number?
True
Is 14501 composite?
True
Is 183743 a prime number?
False
Is 83542 a prime number?
False
Is 11199 a composite number?
True
Is 4987 a prime number?
True
Is 169379 a prime number?
False
Is 124687 prime?
False
Is 5581 composite?
False
Is 478 prime?
False
Is 2682217 a composite number?
False
Is 23783 composite?
True
Is 21041 a prime number?
False
Is 21059 a prime number?
True
Is 23461 composite?
True
Is 244297 prime?
True
Is 3523 a prime number?
False
Is 7069 composite?
False
Is 119653 composite?
False
Is 7837 composite?
True
Is 427781 a composite number?
False
Is 1527 composite?
True
Is 288023 a composite number?
False
Is 97921 prime?
False
Is 4686277 a prime number?
True
Is 276007 a prime number?
True
Is 1901 composite?
False
Is 14983 a composite number?
False
Is 40231 prime?
True
Is 2649677 a prime number?
True
Is 244421 a composite number?
True
Is 118291 a composite number?
True
Is 39631 prime?
True
Is 766829 composite?
True
Is 86677 a composite number?
False
Is 875293 a composite number?
True
Is 348149 prime?
True
Is 1996517 a prime number?
True
Is 5381 prime?
True
Is 21631 prime?
False
Is 446179 a composite number?
False
Is 100141 a prime number?
False
Is 12237 prime?
False
Is 40813 a composite number?
False
Is 3989 composite?
False
Is 235203 composite?
True
Is 636517 a composite number?
True
Is 123479 prime?
True
Is 206399 prime?
True
Is 1249 prime?
True
Is 6803 a prime number?
Tr